*c + 13 = 2*t. Suppose 32*j - 1178 = -42*j + 43*j. What is the remainder when j is divided by t?
10
Let o(r) = r**2 + 6*r + 7. Suppose 3*z - 2 = 4. Calculate the remainder when o(-9) is divided by -2*z/4*-9.
7
Suppose -5*q - f = -100, -f + 6*f = 0. Let t(v) = v**3 + 7*v**2 + 5*v + 2. What is the remainder when q is divided by t(-6)?
4
Let q = 485 + -466. What is the remainder when 77 is divided by q?
1
Let l(k) = k + 99. What is the remainder when l(9) is divided by 14?
10
Suppose -12*x = -16*x + h + 695, -2*h + 10 = 0. Calculate the remainder when 356 is divided by x.
6
Let h(f) = -6 - 5 + 15*f + 10 - 2*f. Calculate the remainder when h(1) is divided by 8.
4
Let v(l) = -2*l**2 - 11*l + 5. Let d be v(-5). Let k(p) = p + 11. Let a be k(-7). Suppose -6*r + a*r = -d. Calculate the remainder when r is divided by 4.
1
Let h(f) = 15*f - 102. What is the remainder when 237 is divided by h(15)?
114
Let f(j) = -j**3 + 5*j**2 + 109*j - 29. Let l(t) = 4*t + 5. What is the remainder when f(13) is divided by l(4)?
15
Suppose 156*q - 157*q = 2, -b + 123 = 5*q. Calculate the remainder when b is divided by 67.
66
Let g = -38 + 161. What is the remainder when g is divided by 18?
15
Let s(w) = -w**2 - 17*w + 6. Let l = -30 + 57. Calculate the remainder when s(-6) is divided by l.
18
Let o be (-4 - (-2 - 1))*(-3 + 2). Suppose -2*n + o = -5*k - 12, -5*k - 70 = -5*n. Calculate the remainder when 27 is divided by n.
8
Let f(i) = -2*i + 1. Let b = 44 + -9. What is the remainder when b is divided by f(-4)?
8
What is the remainder when 78 is divided by (-3782)/(-279) - (-12)/27?
8
Suppose -5*b + 32 = 2*q, 8*b + 3*q = 3*b + 28. What is the remainder when b is divided by 7?
1
What is the remainder when -2 + 4 + -16*228/(-8) is divided by 144?
26
Let a(g) = 4*g + 68. Let f be a(-17). Suppose f = l - 31 - 2. What is the remainder when l is divided by 17?
16
What is the remainder when 4/(-14) + (2408/49)/4 is divided by 4?
0
Let f = -1301 - -1311. What is the remainder when 52 is divided by f?
2
Let a be -1 + (-1 + 0 - -245). Suppose t - 27 = -23. Suppose -t*r = -a - 81. What is the remainder when r is divided by 12?
9
Suppose 0 = 5*q + 10, -4*f + 2236 = -0*q + 2*q. Suppose -4*a - a + f = 0. Let w = -71 + a. What is the remainder when w is divided by 11?
8
Suppose 190 + 17 = 3*w. Let j = -48 + 57. What is the remainder when w is divided by j?
6
Suppose 12 = 4*y - 2*y - 4*f, 5*y - f = 12. Suppose y*q = -3*q + 40. Suppose 12*i - 14*i = -56. Calculate the remainder when i is divided by q.
4
Let l = 2 - 1. Let f be ((-18)/24)/(l/(-12)). Suppose -t + 10 = q, 0 = -3*t - q + 11 + f. Calculate the remainder when 19 is divided by t.
4
Suppose -3*w - 3*r = 2*w - 108, -3*w + 84 = -3*r. Suppose q = -3*q + w. Calculate the remainder when (-1)/((-2)/(-18))*-1 is divided by q.
3
Let d(g) = 2*g**2 - 6*g + 5. Let m = 888 + -873. Calculate the remainder when d(-5) is divided by m.
10
Let r be (-32)/24 - -1 - 110/(-6). Suppose -x - r = -q, 52 = q + q + 2*x. What is the remainder when q is divided by 13?
9
Let n = 17 - 12. Let d(k) = 2*k + 12. What is the remainder when d(n) is divided by 4?
2
Suppose 154*x = 156*x - 6. Suppose -4*c + 21 = b - 24, x*b - 128 = -5*c. Calculate the remainder when b is divided by 7.
6
Calculate the remainder when 207 is divided by 1 + 0/1 + -2 - -11.
7
Let m be -1 - -1*(-3 + 5). Calculate the remainder when (2 - (-1670)/(-5))/(-3 + m) is divided by 43.
37
Let q be 15*4/24*20. Let j be q + (-12)/(-2 - -5). Suppose -3*g + 132 = 4*w - 0*g, -4*g + j = w. What is the remainder when 89 is divided by w?
29
Suppose -2*z + z = -2. What is the remainder when (-8 - 1)/(z/(-18)) is divided by 28?
25
Let b = 97 + -93. What is the remainder when 20 is divided by b?
0
Suppose -3 - 12 = -5*a, 930 = 3*g + a. Suppose -5*s = 59 - g. Suppose 40*y - 38*y - 26 = 0. Calculate the remainder when s is divided by y.
11
Let x = -17 - -48. Suppose 200 = 7*w - 647. Calculate the remainder when w is divided by x.
28
Suppose 439*w - 434*w - 1215 = 0. What is the remainder when w is divided by 31?
26
Suppose -2*p - p + 129 = 0. Let u(s) = -6*s - 67. Let j(r) = 3*r + 33. Let z(b) = 5*j(b) + 3*u(b). Calculate the remainder when p is divided by z(-17).
13
Let h(y) = 3*y**2 + 17*y - 23. What is the remainder when h(12) is divided by 7?
4
Let z be (-1)/(-3 + (-44)/(-16)). Suppose -z*w - 21 = -7*w. Suppose -4*d = 4*y + y - 112, 35 = y + 5*d. What is the remainder when y is divided by w?
6
Let u = -107 - -194. Suppose -106 + 31 = -5*l. What is the remainder when u is divided by l?
12
Suppose -2*z - 2 = 5*x, 0*z - 3 = x + 3*z. Suppose -2*n + 0*n + 52 = x. Calculate the remainder when n is divided by 80/6 + (-2)/(-3).
12
Let c be 23*4/(-8)*-2. Let q be c/5 + (-21)/35. Suppose 3*d + 0*d = 3*o - 15, 0 = q*o + d - 45. Calculate the remainder when 28 is divided by o.
8
What is the remainder when 8/12 + 0 + (-2720)/(-15) is divided by 62?
58
Let k(q) be the first derivative of -q**3/3 - 7*q**2/2 - 6*q + 2. Suppose 5*x = 4*x - 4. Calculate the remainder when 15 is divided by k(x).
3
Let w be (2 + -6)*(2 - 1). What is the remainder when 13 is divided by (-30)/w*10/15?
3
Let p(a) be the third derivative of a**5/60 - a**4/12 + 4*a**2. Let b be p(3). Suppose 52 = -b*c + 7*c. What is the remainder when 36 is divided by c?
10
Let y(c) = 13*c + 161. Suppose -49 = -4*w + 187. Calculate the remainder when w is divided by y(-10).
28
Suppose -9*l + 7*l - 3*z + 151 = 0, 5*l = -z + 371. Calculate the remainder when 135 is divided by l.
61
Suppose 8*b = 496 - 136. Calculate the remainder when 133 is divided by b.
43
Let y(d) = -d**3 - 12*d**2 - 12*d - 13. Let i be y(-11). Let n be -5*(i - (-80)/4). Let f = -20 - n. Calculate the remainder when f is divided by 24.
22
Let y be (-4 - -11)*(2 + -1). Let u(p) = -p**2 + 10*p - 9. Suppose 0 = 5*t + 44 - 274. What is the remainder when t is divided by u(y)?
10
Suppose -2*g + 141 = g. Suppose 5*l + 442 = -3*n, 5*n = l - 170 - 520. Let o = -123 - n. What is the remainder when g is divided by o?
15
What is the remainder when 31 is divided by 9/6*((-77)/(-21) + -3)?
0
Suppose 2*t - 2 = 2. Suppose 0 = -5*x + 3*i + 112, -7*i + t*i + 5 = 0. Calculate the remainder when 65 is divided by x.
19
Let r(k) = 56*k**2 + 4*k + 4. Let a be r(-3). Suppose 20*i = 4*i + a. What is the remainder when i is divided by 17?
14
Suppose -5*d + 165 = -9*s + 4*s, -156 = -5*d + 2*s. Calculate the remainder when d is divided by (-10)/(-4)*144/45.
6
Suppose d = -2*d - 12, -3*w - 3*d = -237. What is the remainder when w is divided by 24?
11
Let v = -42 - -6. Let o = -19 - v. Calculate the remainder when 55 is divided by o.
4
Suppose 3*u - i = -2*i + 58, -98 = -5*u - 2*i. Suppose 0 = 2*t - u - 8. Calculate the remainder when t is divided by 7.
6
Let j(n) = -2*n + 4. Let l(s) be the first derivative of 3*s**2 - 12*s + 4. Let i(c) = -16*j(c) - 5*l(c). Calculate the remainder when i(10) is divided by 9.
7
Suppose -s + 4*p = 3*p - 183, -p = -4. Let a = s + -140. What is the remainder when 93 is divided by a?
46
Suppose -4*j + 6*j = 80. Let f = 23 + -23. Suppose f = 3*w + 5*l - j, 34 = 4*w - 5*l + 2*l. Calculate the remainder when 29 is divided by w.
9
Let r(l) = -l + 19. Let w be r(17). Let u(j) = -j - 1. Let s be u(1). What is the remainder when ((-41)/w)/(s/4) is divided by 21?
20
Let m(r) = -r**3 + 20*r**2 - 33*r - 38. Calculate the remainder when 43 is divided by m(18).
11
Let f = -23 + 26. Calculate the remainder when 28 is divided by -1 + (0 + 12 - f).
4
Let a(z) = -z**2 + 3*z - 2. Let l(f) = -f**2 + 5*f - 2. Let d be l(4). Let r be a(d). Suppose r*w + 55 = 5*w. What is the remainder when 31 is divided by w?
9
Suppose -5*b + 2*b + 83 = k, 4*b - k - 120 = 0. Let j = -18 + b. What is the remainder when 28 is divided by j?
6
Let y = 122 - 92. What is the remainder when 40 is divided by y?
10
Let s be (-2 + 4)*(2 + -1). Suppose 2*m = -5*h + 10, h + 0*h - s = 3*m. What is the remainder when 3 + 18 - (-2 + h) is divided by 12?
9
Let g = 10 - 15. Let d = g + 12. Let s = -6206 - -6211. Calculate the remainder when d is divided by s.
2
Suppose -7 - 2 = -m - f, -2*f = 3*m - 31. Suppose -245 = -5*y - 0*y. Calculate the remainder when y is divided by m.
10
Let n be 12/(-1)*(4 + (-95)/10). Let r = n + -41. Calculate the